{"id":1151,"date":"2019-05-20T18:32:19","date_gmt":"2019-05-20T16:32:19","guid":{"rendered":"https:\/\/www.atelier-l-enard.fr\/fabrication\/"},"modified":"2026-01-23T16:01:08","modified_gmt":"2026-01-23T15:01:08","slug":"fabricacion","status":"publish","type":"page","link":"https:\/\/www.atelier-l-enard.fr\/es\/fabricacion\/","title":{"rendered":"Fabricaci\u00f3n"},"content":{"rendered":"\r\n<section id=\"block-block_f5fed2c038e8f0c8d6d348ba7c0030a6\" class=\"onk-block-intro alignfull \">\r\n\t<div class=\"onk-block-intro-content content-area\">\r\n\t\t<h2>Un sonido brillante y timbrado<\/h2>\r\n\t\t<div class=\"block-content\">\r\n\t\t\t<p>Inspirado de las sonoridades de los famosos lauderos italianos del siglo XVIII<\/p>\n\t\t<\/div>\r\n\t<\/div>\r\n<\/section>\n\n\n<div class=\"wp-block-media-text has-media-on-the-right is-stacked-on-mobile\"><div class=\"wp-block-media-text__content\">\n<h3 class=\"wp-block-heading has-text-align-center\"><a href=\"https:\/\/www.atelier-l-enard.fr\/es\/fabricacion\/violin-modelo-stradivarius\/\"><a href=\"https:\/\/www.atelier-l-enard.fr\/es\/fabricacion\/violin-modelo-guarnerius-del-jesus\/\" data-type=\"page\" data-id=\"1172\">Viol\u00edn modelo<\/a> Stradivarius<\/a><\/h3>\n<\/div><figure class=\"wp-block-media-text__media\"><img decoding=\"async\" src=\"https:\/\/www.atelier-l-enard.fr\/wp-content\/uploads\/2019\/06\/violon-modele-stradivarius-n19-685x1024.jpg\" alt=\"Fabrication Violon Stradivarius\" class=\"wp-image-280 size-full\"\/><\/figure><\/div>\n\n\n\n<div class=\"wp-block-media-text is-stacked-on-mobile\"><figure class=\"wp-block-media-text__media\"><img decoding=\"async\" width=\"1024\" height=\"1024\" src=\"https:\/\/www.atelier-l-enard.fr\/wp-content\/uploads\/2019\/06\/DSC2289-DROIT-carre-sRGB-1024x1024.jpg\" alt=\"Fabrication Violon Guarnerius Del Jesus\" class=\"wp-image-306 size-full\" srcset=\"https:\/\/www.atelier-l-enard.fr\/wp-content\/uploads\/2019\/06\/DSC2289-DROIT-carre-sRGB-1024x1024.jpg 1024w, https:\/\/www.atelier-l-enard.fr\/wp-content\/uploads\/2019\/06\/DSC2289-DROIT-carre-sRGB-150x150.jpg 150w, https:\/\/www.atelier-l-enard.fr\/wp-content\/uploads\/2019\/06\/DSC2289-DROIT-carre-sRGB-300x300.jpg 300w, https:\/\/www.atelier-l-enard.fr\/wp-content\/uploads\/2019\/06\/DSC2289-DROIT-carre-sRGB-768x768.jpg 768w, https:\/\/www.atelier-l-enard.fr\/wp-content\/uploads\/2019\/06\/DSC2289-DROIT-carre-sRGB.jpg 1807w\" sizes=\"(max-width: 1024px) 100vw, 1024px\" \/><\/figure><div class=\"wp-block-media-text__content\">\n<h3 class=\"wp-block-heading has-text-align-center\"><a href=\"https:\/\/www.atelier-l-enard.fr\/es\/fabricacion\/violin-modelo-guarnerius-del-jesus\/\" data-type=\"page\" data-id=\"1172\">Viol\u00edn modelo Guarnerius Del Jes\u00f9s<\/a><\/h3>\n<\/div><\/div>\n\n\n\n<div class=\"wp-block-media-text has-media-on-the-right is-stacked-on-mobile\"><div class=\"wp-block-media-text__content\">\n<h3 class=\"wp-block-heading has-text-align-center\"><a href=\"https:\/\/www.atelier-l-enard.fr\/es\/fabricacion\/violas-modelo-guarnerius-andrea\/\" data-type=\"page\" data-id=\"1188\">Violas modelo Guarnerius Andrea<\/a><\/h3>\n<\/div><figure class=\"wp-block-media-text__media\"><img decoding=\"async\" width=\"500\" height=\"747\" src=\"https:\/\/www.atelier-l-enard.fr\/wp-content\/uploads\/2019\/06\/fabrication-alto_table-DROIT-sRGB.jpg\" alt=\"Fabrication Alto Guarnerius Andrea\" class=\"wp-image-310 size-full\" srcset=\"https:\/\/www.atelier-l-enard.fr\/wp-content\/uploads\/2019\/06\/fabrication-alto_table-DROIT-sRGB.jpg 500w, https:\/\/www.atelier-l-enard.fr\/wp-content\/uploads\/2019\/06\/fabrication-alto_table-DROIT-sRGB-201x300.jpg 201w\" sizes=\"(max-width: 500px) 100vw, 500px\" \/><\/figure><\/div>\n\n\n\n<div class=\"wp-block-media-text is-stacked-on-mobile\"><figure class=\"wp-block-media-text__media\"><img decoding=\"async\" width=\"768\" height=\"1024\" src=\"https:\/\/www.atelier-l-enard.fr\/wp-content\/uploads\/2026\/01\/violoncelle_table-768x1024.jpg\" alt=\"Violoncelle mod\u00e8le stradivarius\" class=\"wp-image-1797 size-full\" srcset=\"https:\/\/www.atelier-l-enard.fr\/wp-content\/uploads\/2026\/01\/violoncelle_table-768x1024.jpg 768w, https:\/\/www.atelier-l-enard.fr\/wp-content\/uploads\/2026\/01\/violoncelle_table-225x300.jpg 225w, https:\/\/www.atelier-l-enard.fr\/wp-content\/uploads\/2026\/01\/violoncelle_table-1152x1536.jpg 1152w, https:\/\/www.atelier-l-enard.fr\/wp-content\/uploads\/2026\/01\/violoncelle_table-1536x2048.jpg 1536w, https:\/\/www.atelier-l-enard.fr\/wp-content\/uploads\/2026\/01\/violoncelle_table-scaled.jpg 1920w\" sizes=\"(max-width: 768px) 100vw, 768px\" \/><\/figure><div class=\"wp-block-media-text__content\">\n<h3 class=\"wp-block-heading has-text-align-center\"><a href=\"https:\/\/www.atelier-l-enard.fr\/es\/fabricacion\/violchelos-modelo-stradivarius\/\" data-type=\"page\" data-id=\"1810\">Violchelo modelo Stradivarius<\/a><\/h3>\n<\/div><\/div>\n","protected":false},"excerpt":{"rendered":"<p>Viol\u00edn modelo Stradivarius Viol\u00edn modelo Guarnerius Del Jes\u00f9s Violas modelo Guarnerius Andrea Violchelo modelo Stradivarius<\/p>\n","protected":false},"author":2,"featured_media":1725,"parent":0,"menu_order":0,"comment_status":"closed","ping_status":"closed","template":"page-fabrication.php","meta":{"_acf_changed":false,"_seopress_robots_primary_cat":"","_seopress_titles_title":"Fabricaci\u00f3n de violines, violas, violonchelos Atelier Lionel Enard en Pau","_seopress_titles_desc":"Fabricaci\u00f3n de instrumentos con sonido luminoso y estampado, inspirados en los sonidos de los grandes luthiers italianos del siglo XVIII, por Lionel Enard, mejor trabajador de Francia 2019.","_seopress_robots_index":"","footnotes":""},"class_list":["post-1151","page","type-page","status-publish","has-post-thumbnail","hentry"],"acf":[],"_links":{"self":[{"href":"https:\/\/www.atelier-l-enard.fr\/es\/wp-json\/wp\/v2\/pages\/1151","targetHints":{"allow":["GET"]}}],"collection":[{"href":"https:\/\/www.atelier-l-enard.fr\/es\/wp-json\/wp\/v2\/pages"}],"about":[{"href":"https:\/\/www.atelier-l-enard.fr\/es\/wp-json\/wp\/v2\/types\/page"}],"author":[{"embeddable":true,"href":"https:\/\/www.atelier-l-enard.fr\/es\/wp-json\/wp\/v2\/users\/2"}],"replies":[{"embeddable":true,"href":"https:\/\/www.atelier-l-enard.fr\/es\/wp-json\/wp\/v2\/comments?post=1151"}],"version-history":[{"count":2,"href":"https:\/\/www.atelier-l-enard.fr\/es\/wp-json\/wp\/v2\/pages\/1151\/revisions"}],"predecessor-version":[{"id":1853,"href":"https:\/\/www.atelier-l-enard.fr\/es\/wp-json\/wp\/v2\/pages\/1151\/revisions\/1853"}],"wp:featuredmedia":[{"embeddable":true,"href":"https:\/\/www.atelier-l-enard.fr\/es\/wp-json\/wp\/v2\/media\/1725"}],"wp:attachment":[{"href":"https:\/\/www.atelier-l-enard.fr\/es\/wp-json\/wp\/v2\/media?parent=1151"}],"curies":[{"name":"wp","href":"https:\/\/api.w.org\/{rel}","templated":true}]}}

Fabricación

<section id="block-block_f5fed2c038e8f0c8d6d348ba7c0030a6" class="onk-block-intro alignfull ">
	<div class="onk-block-intro-content content-area">
		<h2>Un sonido brillante y timbrado</h2>
		<div class="block-content">
			<p>Inspirado de las sonoridades de los famosos lauderos italianos del siglo XVIII</p>
		</div>
	</div>
</section>


<div class="wp-block-media-text has-media-on-the-right is-stacked-on-mobile"><div class="wp-block-media-text__content">
<h3 class="wp-block-heading has-text-align-center"><a href="https://www.atelier-l-enard.fr/es/fabricacion/violin-modelo-stradivarius/"><a href="https://www.atelier-l-enard.fr/es/fabricacion/violin-modelo-guarnerius-del-jesus/" data-type="page" data-id="1172">Violín modelo</a> Stradivarius</a></h3>
</div><figure class="wp-block-media-text__media"><img decoding="async" src="https://www.atelier-l-enard.fr/wp-content/uploads/2019/06/violon-modele-stradivarius-n19-685x1024.jpg" alt="Fabrication Violon Stradivarius" class="wp-image-280 size-full"/></figure></div>



<div class="wp-block-media-text is-stacked-on-mobile"><figure class="wp-block-media-text__media"><img decoding="async" width="1024" height="1024" src="https://www.atelier-l-enard.fr/wp-content/uploads/2019/06/DSC2289-DROIT-carre-sRGB-1024x1024.jpg" alt="Fabrication Violon Guarnerius Del Jesus" class="wp-image-306 size-full" srcset="https://www.atelier-l-enard.fr/wp-content/uploads/2019/06/DSC2289-DROIT-carre-sRGB-1024x1024.jpg 1024w, https://www.atelier-l-enard.fr/wp-content/uploads/2019/06/DSC2289-DROIT-carre-sRGB-150x150.jpg 150w, https://www.atelier-l-enard.fr/wp-content/uploads/2019/06/DSC2289-DROIT-carre-sRGB-300x300.jpg 300w, https://www.atelier-l-enard.fr/wp-content/uploads/2019/06/DSC2289-DROIT-carre-sRGB-768x768.jpg 768w, https://www.atelier-l-enard.fr/wp-content/uploads/2019/06/DSC2289-DROIT-carre-sRGB.jpg 1807w" sizes="(max-width: 1024px) 100vw, 1024px" /></figure><div class="wp-block-media-text__content">
<h3 class="wp-block-heading has-text-align-center"><a href="https://www.atelier-l-enard.fr/es/fabricacion/violin-modelo-guarnerius-del-jesus/" data-type="page" data-id="1172">Violín modelo Guarnerius Del Jesùs</a></h3>
</div></div>



<div class="wp-block-media-text has-media-on-the-right is-stacked-on-mobile"><div class="wp-block-media-text__content">
<h3 class="wp-block-heading has-text-align-center"><a href="https://www.atelier-l-enard.fr/es/fabricacion/violas-modelo-guarnerius-andrea/" data-type="page" data-id="1188">Violas modelo Guarnerius Andrea</a></h3>
</div><figure class="wp-block-media-text__media"><img decoding="async" width="500" height="747" src="https://www.atelier-l-enard.fr/wp-content/uploads/2019/06/fabrication-alto_table-DROIT-sRGB.jpg" alt="Fabrication Alto Guarnerius Andrea" class="wp-image-310 size-full" srcset="https://www.atelier-l-enard.fr/wp-content/uploads/2019/06/fabrication-alto_table-DROIT-sRGB.jpg 500w, https://www.atelier-l-enard.fr/wp-content/uploads/2019/06/fabrication-alto_table-DROIT-sRGB-201x300.jpg 201w" sizes="(max-width: 500px) 100vw, 500px" /></figure></div>



<div class="wp-block-media-text is-stacked-on-mobile"><figure class="wp-block-media-text__media"><img decoding="async" width="768" height="1024" src="https://www.atelier-l-enard.fr/wp-content/uploads/2026/01/violoncelle_table-768x1024.jpg" alt="Violoncelle modèle stradivarius" class="wp-image-1797 size-full" srcset="https://www.atelier-l-enard.fr/wp-content/uploads/2026/01/violoncelle_table-768x1024.jpg 768w, https://www.atelier-l-enard.fr/wp-content/uploads/2026/01/violoncelle_table-225x300.jpg 225w, https://www.atelier-l-enard.fr/wp-content/uploads/2026/01/violoncelle_table-1152x1536.jpg 1152w, https://www.atelier-l-enard.fr/wp-content/uploads/2026/01/violoncelle_table-1536x2048.jpg 1536w, https://www.atelier-l-enard.fr/wp-content/uploads/2026/01/violoncelle_table-scaled.jpg 1920w" sizes="(max-width: 768px) 100vw, 768px" /></figure><div class="wp-block-media-text__content">
<h3 class="wp-block-heading has-text-align-center"><a href="https://www.atelier-l-enard.fr/es/fabricacion/violchelos-modelo-stradivarius/" data-type="page" data-id="1810">Violchelo modelo Stradivarius</a></h3>
</div></div>

<p>Violín modelo Stradivarius Violín modelo Guarnerius Del Jesùs Violas modelo Guarnerius Andrea Violchelo modelo Stradivarius</p>

Fabricación de violines, violas, violonchelos Atelier Lionel Enard en Pau

Fabricación de instrumentos con sonido luminoso y estampado, inspirados en los sonidos de los grandes luthiers italianos del siglo XVIII, por Lionel Enard, mejor trabajador de Francia 2019.
