{"id":1587,"date":"2023-10-07T17:53:13","date_gmt":"2023-10-07T15:53:13","guid":{"rendered":"https:\/\/www.atelier-l-enard.fr\/?page_id=1587"},"modified":"2023-10-09T22:17:52","modified_gmt":"2023-10-09T20:17:52","slug":"leidenschaft-fuer-klang","status":"publish","type":"page","link":"https:\/\/www.atelier-l-enard.fr\/de\/","title":{"rendered":"Willkommen"},"content":{"rendered":"\n<div class=\"wp-block-media-text alignfull is-stacked-on-mobile\"><figure class=\"wp-block-media-text__media\"><img decoding=\"async\" width=\"1024\" height=\"685\" src=\"https:\/\/www.atelier-l-enard.fr\/wp-content\/uploads\/2019\/06\/Portrait-Lionel-Enard-3-fond-clair-sRGB-1024x685.jpg\" alt=\"Lionel Enard Meilleur ouvrier de France\" class=\"wp-image-572 size-full\" srcset=\"https:\/\/www.atelier-l-enard.fr\/wp-content\/uploads\/2019\/06\/Portrait-Lionel-Enard-3-fond-clair-sRGB-1024x685.jpg 1024w, https:\/\/www.atelier-l-enard.fr\/wp-content\/uploads\/2019\/06\/Portrait-Lionel-Enard-3-fond-clair-sRGB-300x201.jpg 300w, https:\/\/www.atelier-l-enard.fr\/wp-content\/uploads\/2019\/06\/Portrait-Lionel-Enard-3-fond-clair-sRGB-768x514.jpg 768w, https:\/\/www.atelier-l-enard.fr\/wp-content\/uploads\/2019\/06\/Portrait-Lionel-Enard-3-fond-clair-sRGB.jpg 2000w\" sizes=\"(max-width: 1024px) 100vw, 1024px\" \/><\/figure><div class=\"wp-block-media-text__content\">\n<h2 class=\"wp-block-heading gold-title\">Handwerker der Emotion<\/h2>\n\n\n\n<p>Die Sp\u00e4ne werden geboren, drehen sich und tanzen. Das ist das Familienerbe der Leidenschaft f\u00fcr Holz.<\/p>\n\n\n\n<p>Das Werkzeug erinnert sich an den Zauber seiner ersten Eindr\u00fccke am Lyc\u00e9e Jean-Baptiste Vuillaume in Mirecourt und an die hohen Anspr\u00fcche, die Jean-Fr\u00e9d\u00e9ric Schmitt in Lyon jahrelang vermittelt hat.<\/p>\n\n\n\n<p>Von der Liebe zur Musik gewiegt und von einer Sensibilit\u00e4t im Dienste des Klangs geleitet, gibt Lionel Enard in seinem Atelier sein Know-how als Bester Handwerker Frankreichs weiter.<\/p>\n\n\n\n<hr class=\"wp-block-separator has-alpha-channel-opacity\"\/>\n\n\n\n<div class=\"wp-block-columns is-layout-flex wp-container-core-columns-is-layout-9d6595d7 wp-block-columns-is-layout-flex\">\n<div class=\"wp-block-column is-layout-flow wp-block-column-is-layout-flow\">\n<p>Concours International de lutherie de&nbsp;Mirecourt 2023, Kategorie Cello<\/p>\n<\/div>\n\n\n\n<div class=\"wp-block-column is-layout-flow wp-block-column-is-layout-flow\">\n<ul class=\"wp-block-list\">\n<li>Spezialpreis f\u00fcr   Musiker<\/li>\n\n\n\n<li>Preis Geigenbau           <\/li>\n<\/ul>\n<\/div>\n<\/div>\n\n\n\n<p class=\"logo-mof\">Bester Handwerker Frankreichs<\/p>\n<\/div><\/div>\n\n\n\n<div class=\"wp-block-media-text has-media-on-the-right is-stacked-on-mobile\"><div class=\"wp-block-media-text__content\">\n<h2 class=\"wp-block-heading\">Dem Musiker zuh\u00f6ren<\/h2>\n\n\n\n<p><\/p>\n\n\n\n<p>Die Priorit\u00e4t liegt darin, die Sensibilit\u00e4t und die Erwartungen des Musikers zu verstehen, und zwar in allen Bereichen der T\u00e4tigkeit:<\/p>\n\n\n\n<p><a href=\"\/restauration\/\">Restaurierung<\/a><\/p>\n\n\n\n<p><a href=\"\/de\/herstellung\/\">Fertigung<\/a><\/p>\n\n\n\n<p><a href=\"\/de\/instrumente\/\">Instrumente<\/a><\/p>\n\n\n\n<p><a href=\"\/de\/vermietung\/\">Vermietung<\/a><\/p>\n<\/div><figure class=\"wp-block-media-text__media\"><img decoding=\"async\" width=\"1024\" height=\"682\" src=\"https:\/\/www.atelier-l-enard.fr\/wp-content\/uploads\/2019\/06\/Accueil-Ecoute-sRGB-1024x682.jpg\" alt=\"\" class=\"wp-image-1596 size-full\" srcset=\"https:\/\/www.atelier-l-enard.fr\/wp-content\/uploads\/2019\/06\/Accueil-Ecoute-sRGB-1024x682.jpg 1024w, https:\/\/www.atelier-l-enard.fr\/wp-content\/uploads\/2019\/06\/Accueil-Ecoute-sRGB-300x200.jpg 300w, https:\/\/www.atelier-l-enard.fr\/wp-content\/uploads\/2019\/06\/Accueil-Ecoute-sRGB-768x512.jpg 768w, https:\/\/www.atelier-l-enard.fr\/wp-content\/uploads\/2019\/06\/Accueil-Ecoute-sRGB.jpg 2000w\" sizes=\"(max-width: 1024px) 100vw, 1024px\" \/><\/figure><\/div>\n","protected":false},"excerpt":{"rendered":"<p>Dem Musiker zuh\u00f6ren Die Priorit\u00e4t liegt darin, die Sensibilit\u00e4t und die Erwartungen des Musikers zu verstehen, und zwar in allen Bereichen der T\u00e4tigkeit: Restaurierung Fertigung Instrumente Vermietung<\/p>\n","protected":false},"author":2,"featured_media":1599,"parent":0,"menu_order":0,"comment_status":"closed","ping_status":"closed","template":"","meta":{"_acf_changed":false,"_seopress_robots_primary_cat":"","_seopress_titles_title":"","_seopress_titles_desc":"","_seopress_robots_index":"","footnotes":""},"class_list":["post-1587","page","type-page","status-publish","has-post-thumbnail","hentry"],"acf":[],"_links":{"self":[{"href":"https:\/\/www.atelier-l-enard.fr\/de\/wp-json\/wp\/v2\/pages\/1587","targetHints":{"allow":["GET"]}}],"collection":[{"href":"https:\/\/www.atelier-l-enard.fr\/de\/wp-json\/wp\/v2\/pages"}],"about":[{"href":"https:\/\/www.atelier-l-enard.fr\/de\/wp-json\/wp\/v2\/types\/page"}],"author":[{"embeddable":true,"href":"https:\/\/www.atelier-l-enard.fr\/de\/wp-json\/wp\/v2\/users\/2"}],"replies":[{"embeddable":true,"href":"https:\/\/www.atelier-l-enard.fr\/de\/wp-json\/wp\/v2\/comments?post=1587"}],"version-history":[{"count":2,"href":"https:\/\/www.atelier-l-enard.fr\/de\/wp-json\/wp\/v2\/pages\/1587\/revisions"}],"predecessor-version":[{"id":1769,"href":"https:\/\/www.atelier-l-enard.fr\/de\/wp-json\/wp\/v2\/pages\/1587\/revisions\/1769"}],"wp:featuredmedia":[{"embeddable":true,"href":"https:\/\/www.atelier-l-enard.fr\/de\/wp-json\/wp\/v2\/media\/1599"}],"wp:attachment":[{"href":"https:\/\/www.atelier-l-enard.fr\/de\/wp-json\/wp\/v2\/media?parent=1587"}],"curies":[{"name":"wp","href":"https:\/\/api.w.org\/{rel}","templated":true}]}}

<div class="wp-block-media-text alignfull is-stacked-on-mobile"><figure class="wp-block-media-text__media"><img decoding="async" width="1024" height="685" src="https://www.atelier-l-enard.fr/wp-content/uploads/2019/06/Portrait-Lionel-Enard-3-fond-clair-sRGB-1024x685.jpg" alt="Lionel Enard Meilleur ouvrier de France" class="wp-image-572 size-full" srcset="https://www.atelier-l-enard.fr/wp-content/uploads/2019/06/Portrait-Lionel-Enard-3-fond-clair-sRGB-1024x685.jpg 1024w, https://www.atelier-l-enard.fr/wp-content/uploads/2019/06/Portrait-Lionel-Enard-3-fond-clair-sRGB-300x201.jpg 300w, https://www.atelier-l-enard.fr/wp-content/uploads/2019/06/Portrait-Lionel-Enard-3-fond-clair-sRGB-768x514.jpg 768w, https://www.atelier-l-enard.fr/wp-content/uploads/2019/06/Portrait-Lionel-Enard-3-fond-clair-sRGB.jpg 2000w" sizes="(max-width: 1024px) 100vw, 1024px" /></figure><div class="wp-block-media-text__content">
<h2 class="wp-block-heading gold-title">Handwerker der Emotion</h2>



<p>Die Späne werden geboren, drehen sich und tanzen. Das ist das Familienerbe der Leidenschaft für Holz.</p>



<p>Das Werkzeug erinnert sich an den Zauber seiner ersten Eindrücke am Lycée Jean-Baptiste Vuillaume in Mirecourt und an die hohen Ansprüche, die Jean-Frédéric Schmitt in Lyon jahrelang vermittelt hat.</p>



<p>Von der Liebe zur Musik gewiegt und von einer Sensibilität im Dienste des Klangs geleitet, gibt Lionel Enard in seinem Atelier sein Know-how als Bester Handwerker Frankreichs weiter.</p>



<hr class="wp-block-separator has-alpha-channel-opacity"/>



<div class="wp-block-columns is-layout-flex wp-container-core-columns-is-layout-9d6595d7 wp-block-columns-is-layout-flex">
<div class="wp-block-column is-layout-flow wp-block-column-is-layout-flow">
<p>Concours International de lutherie de&nbsp;Mirecourt 2023, Kategorie Cello</p>
</div>



<div class="wp-block-column is-layout-flow wp-block-column-is-layout-flow">
<ul class="wp-block-list">
<li>Spezialpreis für   Musiker</li>



<li>Preis Geigenbau           </li>
</ul>
</div>
</div>



<p class="logo-mof">Bester Handwerker Frankreichs</p>
</div></div>



<div class="wp-block-media-text has-media-on-the-right is-stacked-on-mobile"><div class="wp-block-media-text__content">
<h2 class="wp-block-heading">Dem Musiker zuhören</h2>



<p></p>



<p>Die Priorität liegt darin, die Sensibilität und die Erwartungen des Musikers zu verstehen, und zwar in allen Bereichen der Tätigkeit:</p>



<p><a href="/restauration/">Restaurierung</a></p>



<p><a href="/de/herstellung/">Fertigung</a></p>



<p><a href="/de/instrumente/">Instrumente</a></p>



<p><a href="/de/vermietung/">Vermietung</a></p>
</div><figure class="wp-block-media-text__media"><img decoding="async" width="1024" height="682" src="https://www.atelier-l-enard.fr/wp-content/uploads/2019/06/Accueil-Ecoute-sRGB-1024x682.jpg" alt="" class="wp-image-1596 size-full" srcset="https://www.atelier-l-enard.fr/wp-content/uploads/2019/06/Accueil-Ecoute-sRGB-1024x682.jpg 1024w, https://www.atelier-l-enard.fr/wp-content/uploads/2019/06/Accueil-Ecoute-sRGB-300x200.jpg 300w, https://www.atelier-l-enard.fr/wp-content/uploads/2019/06/Accueil-Ecoute-sRGB-768x512.jpg 768w, https://www.atelier-l-enard.fr/wp-content/uploads/2019/06/Accueil-Ecoute-sRGB.jpg 2000w" sizes="(max-width: 1024px) 100vw, 1024px" /></figure></div>

<p>Dem Musiker zuhören Die Priorität liegt darin, die Sensibilität und die Erwartungen des Musikers zu verstehen, und zwar in allen Bereichen der Tätigkeit: Restaurierung Fertigung Instrumente Vermietung</p>
